5 and 16733287.
17
What is the greatest common divisor of 20 and 18383990?
10
What is the greatest common factor of 7382 and 1180068065?
3691
What is the highest common divisor of 552453 and 4422?
33
What is the greatest common divisor of 2343 and 3141187467?
2343
What is the greatest common divisor of 8664 and 2013297?
1083
What is the greatest common factor of 3344506 and 2747?
67
What is the highest common divisor of 161728 and 736?
32
What is the highest common divisor of 1914 and 5607063?
957
What is the greatest common divisor of 2640 and 1341460?
20
Calculate the highest common divisor of 1071648 and 4032.
288
Calculate the highest common divisor of 198 and 2706594.
66
What is the highest common divisor of 48 and 1362867?
3
What is the greatest common factor of 51649 and 263523?
377
What is the greatest common factor of 211345 and 6107379?
983
Calculate the highest common divisor of 776 and 46408.
8
Calculate the highest common divisor of 3393 and 6372808.
377
What is the greatest common divisor of 10 and 121984370?
10
What is the highest common factor of 9 and 57537252?
9
What is the highest common factor of 16 and 21018512?
16
What is the highest common divisor of 440 and 3730485?
55
Calculate the greatest common divisor of 464 and 494576.
16
What is the highest common factor of 263051 and 25507?
23
Calculate the greatest common factor of 122148 and 2876796.
4212
What is the greatest common divisor of 1035 and 16800695?
115
Calculate the highest common divisor of 365640 and 14025.
165
What is the greatest common divisor of 2908 and 25844850?
1454
Calculate the highest common factor of 12136116 and 372.
12
Calculate the highest common divisor of 248 and 10740570.
62
Calculate the greatest common factor of 12067288 and 8.
8
Calculate the highest common factor of 232892732 and 1552.
388
What is the greatest common divisor of 9412640 and 97828?
2644
Calculate the greatest common divisor of 14404512 and 13166.
454
Calculate the greatest common divisor of 196222 and 70954.
26
Calculate the highest common factor of 2586 and 190784736.
2586
What is the greatest common factor of 2784 and 349044?
348
What is the highest common divisor of 1930586 and 116032?
518
What is the greatest common divisor of 2472 and 1859356?
412
Calculate the greatest common factor of 5774596 and 5944.
2972
Calculate the greatest common divisor of 1350 and 129163140.
270
What is the highest common factor of 14272818 and 392?
98
What is the highest common divisor of 71700 and 1913195?
1195
What is the greatest common divisor of 43352024 and 254068?
13372
Calculate the greatest common factor of 9038112 and 8616.
24
Calculate the greatest common divisor of 41 and 6596859.
41
What is the greatest common divisor of 37352 and 3654?
406
Calculate the greatest common factor of 6224 and 1400011.
389
Calculate the highest common factor of 17282898 and 348.
174
Calculate the greatest common divisor of 237075120 and 1080.
1080
What is the greatest common factor of 182 and 2626?
26
What is the highest common divisor of 633 and 61620018?
633
Calculate the highest common divisor of 523002 and 141906.
402
Calculate the highest common divisor of 774050 and 176845.
565
Calculate the highest common divisor of 26101670 and 2310.
70
Calculate the greatest common factor of 923945 and 12299650.
5885
What is the highest common divisor of 12 and 3901792?
4
Calculate the greatest common divisor of 1186616 and 230.
46
What is the highest common divisor of 2543760 and 2448?
144
What is the highest common divisor of 186 and 109403774?
62
What is the highest common factor of 4269369 and 117?
39
What is the highest common factor of 25654 and 142612?
202
Calculate the highest common factor of 13280671 and 73.
73
Calculate the highest common divisor of 2389475 and 6050.
275
What is the highest common factor of 193112156 and 5548?
292
What is the highest common factor of 3840304 and 91816?
3992
Calculate the greatest common divisor of 14 and 56947786.
14
What is the highest common divisor of 60 and 116355?
15
Calculate the greatest common factor of 315 and 3713031.
63
What is the greatest common divisor of 21919020 and 10908?
1212
Calculate the greatest common factor of 896 and 4593488.
16
What is the highest common divisor of 8468 and 38846804?
292
What is the greatest common divisor of 191508 and 1524?
12
What is the highest common divisor of 14 and 409548?
2
What is the greatest common divisor of 25585 and 542045?
595
What is the highest common divisor of 2691072 and 12528?
144
What is the greatest common factor of 6885563 and 844?
211
What is the greatest common factor of 92 and 2074991?
23
What is the highest common factor of 4003270 and 80?
10
Calculate the highest common factor of 945 and 7432695.
135
What is the highest common divisor of 402102 and 2442?
6
Calculate the greatest common divisor of 25958111 and 278.
139
Calculate the highest common divisor of 11760 and 597030.
210
What is the highest common divisor of 9217945 and 2090?
1045
What is the highest common divisor of 750 and 11305800?
150
What is the greatest common factor of 39835055 and 52?
13
What is the greatest common divisor of 2820486 and 30?
6
What is the greatest common divisor of 2262 and 2417064?
78
Calculate the highest common divisor of 13936 and 31926960.
208
What is the greatest common factor of 4993244 and 9718?
226
Calculate the highest common factor of 282125 and 6290.
185
Calculate the highest common factor of 1430319 and 290763.
2937
What is the greatest common factor of 27962712 and 232?
8
Calculate the greatest common divisor of 1728 and 334573632.
1728
Calculate the greatest common factor of 72204 and 312.
12
Calculate the greatest common divisor of 855 and 53371.
19
Calculate the highest common divisor of 244074 and 5757.
57
What is the greatest common factor of 31 and 133687531?
31
What is the greatest common divisor of 1518228 and 153?
9
Calculate the highest common factor of 274372 and 17177647.
9799
Calculate the highest common factor of 100356152 and 8944.
4472
Calculate the highest common factor of 1370 and 28778220.
1370
What is the highest common factor of 73 and 36727833?
73
Calculate the highest common factor of 394999168 and 2.
2
Calculate the highest common factor of 3128 and 106444276.
1564
Calculate the greatest common factor of 1272029 and 4334.
2167
Calculate the greatest common factor of 73035228 and 168.
84
Calculate the greatest common factor of 1358118 and 5191182.
6894
What is the highest common factor of 304139450 and 1912?
478
Calculate the greatest common divisor of 149845348 and 292.
292
Calculate the highest common divisor of 233792 and 19184.
16
What is the greatest common factor of 868857250 and 4250?
4250
What is the highest common divisor of 421227199 and 265?
53
What is the greatest common factor of 741769 and 196?
7
What is the greatest common factor of 1116 and 2073582?
18
What is the highest common divisor of 21315 and 402780?
735
What is the greatest common divisor of 264 and 34087416?
264
Calculate the greatest common divisor of 24492 and 2836362.
942
Calculate the greatest common divisor of 13529002 and 71714.
3118
What is the highest common factor of 133525 and 1040025?
1225
What is the highest common factor of 134326495 and 36315?
1345
What is the greatest common factor of 52855980 and 20?
20
Calculate the highest common divisor of 959148 and 1161.
27
What is the greatest common factor of 4950 and 87354850?
550
Calculate the greatest common factor of 1233573 and 696.
87
Calculate the greatest common factor of 38602823 and 14.
7
Calculate the greatest common divisor of 3091841 and 3247.
17
Calculate the greatest common factor of 891 and 825633.
81
Calculate the greatest common factor of 5646291 and 63.
21
Calculate the greatest common factor of 24447784 and 8.
8
Calculate the greatest common factor of 546406 and 22196.
62
What is the highest common factor of 9145 and 82467781?
1829
Calculate the highest common factor of 15940875 and 45.
15
What is the greatest common divisor of 29913 and 23210187?
2301
What is the highest common divisor of 6 and 4668963?
3
What is the greatest common divisor of 58163 and 76434491?
8309
Calculate the highest common divisor of 1065 and 14